{"id":64,"date":"2022-10-01T22:16:47","date_gmt":"2022-10-01T20:16:47","guid":{"rendered":"http:\/\/foyer.test\/index.php\/poterie\/"},"modified":"2025-06-30T22:24:35","modified_gmt":"2025-06-30T20:24:35","slug":"poterie","status":"publish","type":"page","link":"https:\/\/foyer-laique-verfeil.fr\/index.php\/poterie\/","title":{"rendered":"Poterie SAISON 2024 \/ 2025"},"content":{"rendered":"\n<h4 class=\"wp-block-heading has-text-align-center has-vivid-red-color has-text-color has-background\" style=\"background-color:#f5ebb066\">Un cours d&rsquo;essai vous permet de tester toutes nos activit\u00e9s.<br><strong><em>Votre adh\u00e9sion au Foyer (20\u20ac\/saison) est personnelle et donne acc\u00e8s \u00e0 toutes nos activit\u00e9s.<\/em><\/strong><\/h4>\n\n\n\n<div class=\"wp-block-columns is-layout-flex wp-container-core-columns-is-layout-9d6595d7 wp-block-columns-is-layout-flex\">\n<div class=\"wp-block-column has-pale-ocean-gradient-background has-background is-layout-flow wp-block-column-is-layout-flow\" style=\"flex-basis:40%\">\n<h4 class=\"wp-block-heading\">Agenda Poterie<\/h4>\n\n\n\n<iframe loading=\"lazy\" src=\"https:\/\/calendar.google.com\/calendar\/embed?src=3a4a04a78138ce2a56eac724d9f32313d316675ba84ca8dace2022bdcd8c7d12%40group.calendar.google.com&amp;ctz=Europe%2FParis\" style=\"border: 0\" scrolling=\"no\" width=\"800\" height=\"600\" frameborder=\"0\"><\/iframe>\n<\/div>\n\n\n\n<div class=\"wp-block-column has-background is-layout-flow wp-block-column-is-layout-flow\" style=\"background-color:#fcb90036;flex-basis:20%\">\n<h4 class=\"wp-block-heading has-text-align-center\">Infos Activit\u00e9<\/h4>\n\n\n\n<p class=\"has-text-align-center has-vivid-red-color has-text-color\"><strong>RDV :<\/strong><br><strong><em>Mardi et jeudi <\/em><\/strong><br><strong><em>de 14h \u00e0 17h<br>Mercredi <\/em><\/strong><br><strong><em>de 20h30 \u00e0 22h30<\/em><br>LOCAL du Foyer<\/strong><\/p>\n\n\n\n<p class=\"has-text-align-center has-text-color\" style=\"color:#16117b\"><strong><em>Contact :<br>Marie-Jos\u00e9 SCHIFANO<br>07 85 71 19 05<\/em><\/strong><\/p>\n\n\n\n<p class=\"has-vivid-red-color has-text-color\"><strong><em>TARIF : 2,50\u20ac \/ H<\/em><\/strong><\/p>\n\n\n\n<p class=\"has-text-align-center has-text-color\" style=\"color:#129c14\"><strong>EFFECTIF AU COMPLET CETTE SAISON<\/strong><\/p>\n<\/div>\n\n\n\n<div class=\"wp-block-column has-pale-ocean-gradient-background has-background is-layout-flow wp-block-column-is-layout-flow\" style=\"flex-basis:40%\">\n<h4 class=\"wp-block-heading\">Comment venir au foyer ?<\/h4>\n\n\n\n<iframe src=\"https:\/\/www.google.com\/maps\/embed?pb=!1m18!1m12!1m3!1d2886.4609011493276!2d1.6619259154979529!3d43.65938337912113!2m3!1f0!2f0!3f0!3m2!1i1024!2i768!4f13.1!3m3!1m2!1s0xb73404760218077%3A0xed2cdbc176974289!2sFOYER%20LAIQUE!5e0!3m2!1sfr!2sfr!4v1664627997095!5m2!1sfr!2sfr\" style=\"border:0;\" allowfullscreen=\"\" loading=\"lazy\" referrerpolicy=\"no-referrer-when-downgrade\" width=\"600\" height=\"450\"><\/iframe>\n<\/div>\n<\/div>\n\n\n\n<h2 class=\"wp-block-heading has-text-align-center has-vivid-red-color has-text-color\"><em>CETTE ANN\u00c9E ENCORE L&rsquo;EFFECTIF EST AU COMPLET<br>POUR CET ATELIER<\/em> (inscrivez-vous en liste d&rsquo;attente)<\/h2>\n\n\n\n<figure class=\"wp-block-gallery has-nested-images columns-5 is-cropped wp-block-gallery-1 is-layout-flex wp-block-gallery-is-layout-flex\">\n<figure class=\"wp-block-image size-large is-style-default\"><img loading=\"lazy\" decoding=\"async\" width=\"480\" height=\"640\" data-id=\"3020\" src=\"https:\/\/foyer-laique-verfeil.fr\/wp-content\/uploads\/2024\/03\/image4-rotated.jpeg\" alt=\"\" class=\"wp-image-3020\" srcset=\"https:\/\/foyer-laique-verfeil.fr\/wp-content\/uploads\/2024\/03\/image4-rotated.jpeg 480w, https:\/\/foyer-laique-verfeil.fr\/wp-content\/uploads\/2024\/03\/image4-225x300.jpeg 225w\" sizes=\"auto, (max-width: 480px) 100vw, 480px\" \/><\/figure>\n\n\n\n<figure class=\"wp-block-image size-large\"><img loading=\"lazy\" decoding=\"async\" width=\"480\" height=\"640\" data-id=\"3019\" src=\"https:\/\/foyer-laique-verfeil.fr\/wp-content\/uploads\/2024\/03\/image3-rotated.jpeg\" alt=\"\" class=\"wp-image-3019\" srcset=\"https:\/\/foyer-laique-verfeil.fr\/wp-content\/uploads\/2024\/03\/image3-rotated.jpeg 480w, https:\/\/foyer-laique-verfeil.fr\/wp-content\/uploads\/2024\/03\/image3-225x300.jpeg 225w\" sizes=\"auto, (max-width: 480px) 100vw, 480px\" \/><\/figure>\n\n\n\n<figure class=\"wp-block-image size-medium\"><img loading=\"lazy\" decoding=\"async\" width=\"225\" height=\"300\" data-id=\"3018\" src=\"https:\/\/foyer-laique-verfeil.fr\/wp-content\/uploads\/2024\/03\/image2-225x300.jpeg\" alt=\"\" class=\"wp-image-3018\" srcset=\"https:\/\/foyer-laique-verfeil.fr\/wp-content\/uploads\/2024\/03\/image2-225x300.jpeg 225w, https:\/\/foyer-laique-verfeil.fr\/wp-content\/uploads\/2024\/03\/image2-rotated.jpeg 480w\" sizes=\"auto, (max-width: 225px) 100vw, 225px\" \/><\/figure>\n\n\n\n<figure class=\"wp-block-image size-large\"><img loading=\"lazy\" decoding=\"async\" width=\"480\" height=\"640\" data-id=\"3017\" src=\"https:\/\/foyer-laique-verfeil.fr\/wp-content\/uploads\/2024\/03\/image1-rotated.jpeg\" alt=\"\" class=\"wp-image-3017\" srcset=\"https:\/\/foyer-laique-verfeil.fr\/wp-content\/uploads\/2024\/03\/image1-rotated.jpeg 480w, https:\/\/foyer-laique-verfeil.fr\/wp-content\/uploads\/2024\/03\/image1-225x300.jpeg 225w\" sizes=\"auto, (max-width: 480px) 100vw, 480px\" \/><\/figure>\n\n\n\n<figure class=\"wp-block-image size-large\"><img loading=\"lazy\" decoding=\"async\" width=\"480\" height=\"640\" data-id=\"3016\" src=\"https:\/\/foyer-laique-verfeil.fr\/wp-content\/uploads\/2024\/03\/image0-rotated.jpeg\" alt=\"\" class=\"wp-image-3016\" srcset=\"https:\/\/foyer-laique-verfeil.fr\/wp-content\/uploads\/2024\/03\/image0-rotated.jpeg 480w, https:\/\/foyer-laique-verfeil.fr\/wp-content\/uploads\/2024\/03\/image0-225x300.jpeg 225w\" sizes=\"auto, (max-width: 480px) 100vw, 480px\" \/><\/figure>\n<\/figure>\n\n\n\n<hr class=\"wp-block-separator has-alpha-channel-opacity\"\/>\n\n\n\n<h2 class=\"wp-block-heading has-background\" style=\"background-color:#cffa8e8c\">C&rsquo;\u00e9tait la saison 2022 \/ 2023&#8230;<\/h2>\n\n\n\n<div class=\"wp-block-columns is-layout-flex wp-container-core-columns-is-layout-9d6595d7 wp-block-columns-is-layout-flex\">\n<div class=\"wp-block-column is-layout-flow wp-block-column-is-layout-flow\">\n<p>Cet atelier est actif au Foyer depuis de nombreuses ann\u00e9es.<br>Il est install\u00e9 sous la Biblioth\u00e8que et les participants y sont entour\u00e9s par l\u2019exp\u00e9rience de Marie-Jo depuis une bonne quinzaine d\u2019ann\u00e9es.<\/p>\n\n\n<div class=\"wp-block-image\">\n<figure class=\"aligncenter size-large is-resized\"><a href=\"https:\/\/foyer-laique-verfeil.fr\/wp-content\/uploads\/2022\/10\/IMG_5615.jpg\" data-lbwps-width=\"3024\" data-lbwps-height=\"4032\" data-lbwps-srcsmall=\"https:\/\/foyer-laique-verfeil.fr\/wp-content\/uploads\/2022\/10\/IMG_5615.jpg\"><img loading=\"lazy\" decoding=\"async\" width=\"768\" height=\"1024\" src=\"https:\/\/foyer-laique-verfeil.fr\/wp-content\/uploads\/2022\/10\/IMG_5615-768x1024.jpg\" alt=\"\" class=\"wp-image-729\" style=\"width:237px;height:315px\" srcset=\"https:\/\/foyer-laique-verfeil.fr\/wp-content\/uploads\/2022\/10\/IMG_5615-768x1024.jpg 768w, https:\/\/foyer-laique-verfeil.fr\/wp-content\/uploads\/2022\/10\/IMG_5615-225x300.jpg 225w, https:\/\/foyer-laique-verfeil.fr\/wp-content\/uploads\/2022\/10\/IMG_5615-1152x1536.jpg 1152w, https:\/\/foyer-laique-verfeil.fr\/wp-content\/uploads\/2022\/10\/IMG_5615-1536x2048.jpg 1536w, https:\/\/foyer-laique-verfeil.fr\/wp-content\/uploads\/2022\/10\/IMG_5615-1140x1520.jpg 1140w, https:\/\/foyer-laique-verfeil.fr\/wp-content\/uploads\/2022\/10\/IMG_5615-scaled.jpg 1920w\" sizes=\"auto, (max-width: 768px) 100vw, 768px\" \/><\/a><\/figure>\n<\/div>\n\n\n<h5 class=\"wp-block-heading\">VOS PINCEAUX<\/h5>\n\n\n\n<p>L\u2019\u00e9maillage permet de laisser libre-cours \u00e0 des mariages de couleurs \u00e0 l\u2019infini.<br>Les pinceaux volent sur les productions assoiff\u00e9es par le s\u00e9chage.<br>Les objets s\u2019impr\u00e8gnent d\u00e9licatement des \u00ab&nbsp;potions magiques&nbsp;\u00bb en tout genre, souvent ternes, mais qui les rendront brillants et color\u00e9s apr\u00e8s cuisson.<\/p>\n<\/div>\n\n\n\n<div class=\"wp-block-column is-layout-flow wp-block-column-is-layout-flow\" style=\"flex-basis:24%\">\n<p class=\"has-text-align-center\"><strong><u>Contact infos et inscriptions<\/u><\/strong><\/p>\n\n\n\n<p class=\"has-text-align-center\"><strong><em>Marie-Jos\u00e9 SCHIFANO<\/em><\/strong><\/p>\n\n\n\n<p class=\"has-text-align-center\"><strong><em>06 45 44 29 01<\/em><\/strong><\/p>\n\n\n\n<p class=\"has-text-align-center has-background\" style=\"background-color:#fcb9002e\"><strong><em>RYTHME <\/em><\/strong><br><strong><em>DES COURS<\/em><\/strong><br>Le Mardi de 14H \u00e0 17H<br>Le Mercredi 20H30 \u00e0 22H30<br>Le Jeudi de 14H \u00e0 17H<br>Rez de Chauss\u00e9e du Foyer<\/p>\n\n\n\n<h4 class=\"wp-block-heading\"><strong><em>TARIF<\/em><\/strong><\/h4>\n\n\n\n<p>25 \u20ac pour l\u2019inscription puis 2.50\u20ac l\u2019heure<\/p>\n\n\n\n<div style=\"height:19px\" aria-hidden=\"true\" class=\"wp-block-spacer\"><\/div>\n\n\n\n<figure class=\"wp-block-image size-large\"><a href=\"https:\/\/foyer-laique-verfeil.fr\/wp-content\/uploads\/2022\/10\/IMG_5613.jpg\" data-lbwps-width=\"3022\" data-lbwps-height=\"2933\" data-lbwps-srcsmall=\"https:\/\/foyer-laique-verfeil.fr\/wp-content\/uploads\/2022\/10\/IMG_5613-300x291.jpg\"><img loading=\"lazy\" decoding=\"async\" width=\"1024\" height=\"994\" src=\"https:\/\/foyer-laique-verfeil.fr\/wp-content\/uploads\/2022\/10\/IMG_5613-1024x994.jpg\" alt=\"\" class=\"wp-image-728\" srcset=\"https:\/\/foyer-laique-verfeil.fr\/wp-content\/uploads\/2022\/10\/IMG_5613-1024x994.jpg 1024w, https:\/\/foyer-laique-verfeil.fr\/wp-content\/uploads\/2022\/10\/IMG_5613-300x291.jpg 300w, https:\/\/foyer-laique-verfeil.fr\/wp-content\/uploads\/2022\/10\/IMG_5613-768x745.jpg 768w, https:\/\/foyer-laique-verfeil.fr\/wp-content\/uploads\/2022\/10\/IMG_5613-1536x1491.jpg 1536w, https:\/\/foyer-laique-verfeil.fr\/wp-content\/uploads\/2022\/10\/IMG_5613-2048x1988.jpg 2048w, https:\/\/foyer-laique-verfeil.fr\/wp-content\/uploads\/2022\/10\/IMG_5613-1140x1106.jpg 1140w\" sizes=\"auto, (max-width: 1024px) 100vw, 1024px\" \/><\/a><\/figure>\n<\/div>\n\n\n\n<div class=\"wp-block-column is-layout-flow wp-block-column-is-layout-flow\">\n<h5 class=\"wp-block-heading\">LES MATERIAUX<\/h5>\n\n\n\n<p>Cet atelier est actif au Foyer depuis de nombreuses ann\u00e9es.<br>Les mat\u00e9riaux peuvent \u00eatre divers.<br>L\u2019argile blanche est en r\u00e9serve \u00e0 l\u2019atelier mais les artistes peuvent amener la terre qu\u2019ils pr\u00e9f\u00e8rent pour des productions diff\u00e9rentes.<\/p>\n\n\n\n<h5 class=\"wp-block-heading\">OMBRE AU TABLEAU<\/h5>\n\n\n\n<p>L\u2019effectif est au complet pour cette saison.<br>Rendez-vous en septembre pour d\u2019\u00e9ventuelles nouvelles inscriptions, mais les artistes sont assidus\u2026<\/p>\n\n\n\n<h5 class=\"wp-block-heading\">PARLONS TECHNIQUES<\/h5>\n\n\n\n<p>Les techniques les plus utilis\u00e9es sont le fa\u00e7onnage en plaques et le modelage.<br>Les \u00e9tag\u00e8res se remplissent all\u00e8grement des plats, assiettes, bols, bougeoirs, photophores\u2026 qui attendent d\u2019\u00eatre bien secs.<\/p>\n\n\n\n<figure class=\"wp-block-image size-large\"><a href=\"https:\/\/foyer-laique-verfeil.fr\/wp-content\/uploads\/2022\/10\/IMG_5614.jpg\" data-lbwps-width=\"3022\" data-lbwps-height=\"1400\" data-lbwps-srcsmall=\"https:\/\/foyer-laique-verfeil.fr\/wp-content\/uploads\/2022\/10\/IMG_5614-300x139.jpg\"><img loading=\"lazy\" decoding=\"async\" width=\"1024\" height=\"474\" src=\"https:\/\/foyer-laique-verfeil.fr\/wp-content\/uploads\/2022\/10\/IMG_5614-1024x474.jpg\" alt=\"\" class=\"wp-image-750\" srcset=\"https:\/\/foyer-laique-verfeil.fr\/wp-content\/uploads\/2022\/10\/IMG_5614-1024x474.jpg 1024w, https:\/\/foyer-laique-verfeil.fr\/wp-content\/uploads\/2022\/10\/IMG_5614-300x139.jpg 300w, https:\/\/foyer-laique-verfeil.fr\/wp-content\/uploads\/2022\/10\/IMG_5614-768x356.jpg 768w, https:\/\/foyer-laique-verfeil.fr\/wp-content\/uploads\/2022\/10\/IMG_5614-1536x712.jpg 1536w, https:\/\/foyer-laique-verfeil.fr\/wp-content\/uploads\/2022\/10\/IMG_5614-2048x949.jpg 2048w, https:\/\/foyer-laique-verfeil.fr\/wp-content\/uploads\/2022\/10\/IMG_5614-1140x528.jpg 1140w\" sizes=\"auto, (max-width: 1024px) 100vw, 1024px\" \/><\/a><figcaption class=\"wp-element-caption\">Admirez quelques travaux<\/figcaption><\/figure>\n<\/div>\n<\/div>\n\n\n\n<div class=\"wp-block-columns is-layout-flex wp-container-core-columns-is-layout-9d6595d7 wp-block-columns-is-layout-flex\"><\/div>\n","protected":false},"excerpt":{"rendered":"<p>Un cours d&rsquo;essai vous permet de tester toutes nos activit\u00e9s.Votre adh\u00e9sion au Foyer (20\u20ac\/saison) est personnelle et donne acc\u00e8s \u00e0 toutes nos activit\u00e9s. Agenda Poterie Infos Activit\u00e9 RDV :Mardi et jeudi de 14h \u00e0 17hMercredi de 20h30 \u00e0 22h30LOCAL du Foyer Contact :Marie-Jos\u00e9 SCHIFANO07 85 71 19 05 TARIF : 2,50\u20ac \/ H EFFECTIF AU COMPLET CETTE SAISON Comment venir au foyer ? CETTE ANN\u00c9E ENCORE L&rsquo;EFFECTIF EST AU COMPLETPOUR CET ATELIER (inscrivez-vous en liste d&rsquo;attente) C&rsquo;\u00e9tait la saison 2022 \/ 2023&#8230; Cet atelier est actif au Foyer depuis de nombreuses ann\u00e9es.Il est install\u00e9 sous la Biblioth\u00e8que et les participants y sont entour\u00e9s par l\u2019exp\u00e9rience de Marie-Jo depuis une bonne quinzaine d\u2019ann\u00e9es. VOS PINCEAUX L\u2019\u00e9maillage permet de laisser libre-cours \u00e0 des mariages de couleurs \u00e0 l\u2019infini.Les pinceaux volent sur les productions assoiff\u00e9es par le s\u00e9chage.Les objets s\u2019impr\u00e8gnent d\u00e9licatement des \u00ab&nbsp;potions magiques&nbsp;\u00bb en tout genre, souvent ternes, mais qui les rendront brillants et color\u00e9s apr\u00e8s cuisson. Contact infos et inscriptions Marie-Jos\u00e9 SCHIFANO 06 45 44 29 01 RYTHME DES COURSLe Mardi de 14H \u00e0 17HLe Mercredi 20H30 \u00e0 22H30Le Jeudi de 14H \u00e0 17HRez de Chauss\u00e9e du Foyer TARIF 25 \u20ac pour l\u2019inscription puis 2.50\u20ac l\u2019heure LES MATERIAUX Cet atelier est actif au Foyer depuis de nombreuses ann\u00e9es.Les mat\u00e9riaux peuvent \u00eatre divers.L\u2019argile blanche est en r\u00e9serve \u00e0 l\u2019atelier mais les artistes peuvent amener la terre qu\u2019ils pr\u00e9f\u00e8rent pour des productions diff\u00e9rentes. OMBRE AU TABLEAU L\u2019effectif est au complet pour cette saison.Rendez-vous en septembre pour d\u2019\u00e9ventuelles nouvelles inscriptions, mais les artistes sont assidus\u2026 PARLONS TECHNIQUES Les techniques les plus utilis\u00e9es sont le fa\u00e7onnage en plaques et le modelage.Les \u00e9tag\u00e8res se remplissent all\u00e8grement des plats, assiettes, bols, bougeoirs, photophores\u2026 qui attendent d\u2019\u00eatre bien secs.<\/p>\n","protected":false},"author":1,"featured_media":0,"parent":0,"menu_order":0,"comment_status":"closed","ping_status":"closed","template":"","meta":{"footnotes":""},"class_list":["post-64","page","type-page","status-publish","hentry"],"_links":{"self":[{"href":"https:\/\/foyer-laique-verfeil.fr\/index.php\/wp-json\/wp\/v2\/pages\/64","targetHints":{"allow":["GET"]}}],"collection":[{"href":"https:\/\/foyer-laique-verfeil.fr\/index.php\/wp-json\/wp\/v2\/pages"}],"about":[{"href":"https:\/\/foyer-laique-verfeil.fr\/index.php\/wp-json\/wp\/v2\/types\/page"}],"author":[{"embeddable":true,"href":"https:\/\/foyer-laique-verfeil.fr\/index.php\/wp-json\/wp\/v2\/users\/1"}],"replies":[{"embeddable":true,"href":"https:\/\/foyer-laique-verfeil.fr\/index.php\/wp-json\/wp\/v2\/comments?post=64"}],"version-history":[{"count":37,"href":"https:\/\/foyer-laique-verfeil.fr\/index.php\/wp-json\/wp\/v2\/pages\/64\/revisions"}],"predecessor-version":[{"id":39655,"href":"https:\/\/foyer-laique-verfeil.fr\/index.php\/wp-json\/wp\/v2\/pages\/64\/revisions\/39655"}],"wp:attachment":[{"href":"https:\/\/foyer-laique-verfeil.fr\/index.php\/wp-json\/wp\/v2\/media?parent=64"}],"curies":[{"name":"wp","href":"https:\/\/api.w.org\/{rel}","templated":true}]}}