{"id":31,"date":"2022-10-01T15:39:31","date_gmt":"2022-10-01T13:39:31","guid":{"rendered":"http:\/\/foyer.test\/?page_id=31"},"modified":"2025-09-06T12:09:24","modified_gmt":"2025-09-06T10:09:24","slug":"lequipe","status":"publish","type":"page","link":"https:\/\/foyer-laique-verfeil.fr\/index.php\/lequipe\/","title":{"rendered":"L&rsquo;\u00c9quipe"},"content":{"rendered":"\n<h2 class=\"wp-block-heading\">Bureau 2024 &#8211; 2025<\/h2>\n\n\n\n<figure class=\"wp-block-table is-style-stripes\"><table><tbody><tr><td><em><strong>Pr\u00e9nom<\/strong><\/em><\/td><td><em><strong>Nom<\/strong><\/em><\/td><td><em><strong>Fonction<\/strong><\/em><\/td><td><em><strong>T\u00e9l\u00e9phone<\/strong><\/em><\/td><\/tr><tr><td>Claude<\/td><td>Vilespy<\/td><td>Pr\u00e9sident<\/td><td>06 86 27 57 03<\/td><\/tr><tr><td>Jacques<\/td><td>Huchenq<\/td><td>Vice-Pr\u00e9sident<\/td><td>05 61 58 37 36<\/td><\/tr><tr><td>Mo\u00efse<\/td><td>Rivals<\/td><td>Vice-Pr\u00e9sident<\/td><td>06 63 27 18 68<\/td><\/tr><tr><td>Bernadette<\/td><td>Boudinet<\/td><td>Secr\u00e9taire<\/td><td>06 11 36 47 89<\/td><\/tr><tr><td>Christiane<\/td><td>Vilespy<\/td><td>Secr\u00e9taire Adj<\/td><td>06 30 95 09 48<\/td><\/tr><tr><td>Viviane<\/td><td>Saint-Blancat<\/td><td>Tr\u00e9sori\u00e8re<\/td><td>05 61 35 69 22<\/td><\/tr><tr><td>M.-Ang\u00e8le<\/td><td>Roques<\/td><td>Tr\u00e9sori\u00e8re Adj<\/td><td>06 23 34 03 45<\/td><\/tr><\/tbody><\/table><\/figure>\n\n\n\n<h2 class=\"wp-block-heading\">Les responsables d&rsquo;activit\u00e9s<\/h2>\n\n\n\n<figure class=\"wp-block-table is-style-stripes\"><table><tbody><tr><td><em><strong>Activit\u00e9<\/strong><\/em><\/td><td><em><strong>Pr\u00e9nom<\/strong><\/em><\/td><td><em><strong>Nom<\/strong><\/em><\/td><td><em><strong>T\u00e9l\u00e9phone<\/strong><\/em><\/td><\/tr><tr><td>Apr\u00e8s-Midi Dansants<\/td><td>Claude<\/td><td>Vilespy<\/td><td>06 86 27 57 03<\/td><\/tr><tr><td>Biblioth\u00e8que<\/td><td>Chantal<\/td><td>Ors<\/td><td>06 24 85 15 94<\/td><\/tr><tr><td>Couture<\/td><td>Nicole<\/td><td>Basti\u00e9<\/td><td>06 88 38 19 30<\/td><\/tr><tr><td>Galette<\/td><td>Marie Jo<\/td><td>Mazas<\/td><td>06 25 47 57 88<\/td><\/tr><tr><td>Gourmands<\/td><td>Fid\u00e8s<\/td><td>Rivals<\/td><td>07 80 02 55 64<\/td><\/tr><tr><td>Gymnastique<\/td><td>Jacques<\/td><td>Huchenq<\/td><td>05 61 58 37 36<\/td><\/tr><tr><td>Gymnastique<\/td><td>Fides<\/td><td>Rivals<\/td><td>07 80 02 55 64<\/td><\/tr><tr><td>Loto<\/td><td>Mo\u00efse<\/td><td>Rivals<\/td><td>06 63 27 18 68<\/td><\/tr><tr><td>M\u00e9moire<\/td><td>Andr\u00e9e<\/td><td>Lahore<\/td><td>06 70 35 15 39<\/td><\/tr><tr><td>Poterie<\/td><td>M. Jos\u00e9<\/td><td>Schifano<\/td><td>07 85 71 19 05<\/td><\/tr><tr><td>Qi Gong<\/td><td>Andr\u00e9e<\/td><td>Lahore<\/td><td>06 70 35 15 39<\/td><\/tr><tr><td>Site<\/td><td>Martine<\/td><td>S\u00e9bastien<\/td><td>06 17 73 10 67<\/td><\/tr><tr><td>Sophrologie<\/td><td>Andr\u00e9e<\/td><td>Lahore<\/td><td>06 70 35 15 39<\/td><\/tr><tr><td>Ta\u00ef Chi Chuan<\/td><td>Andr\u00e9e<\/td><td>Lahore<\/td><td>06 70 35 15 39<\/td><\/tr><tr><td><\/td><td><\/td><td><\/td><td><\/td><\/tr><\/tbody><\/table><\/figure>\n\n\n\n<h2 class=\"wp-block-heading\">Les \u00e9lus au Conseil d&rsquo;Administration<\/h2>\n\n\n\n<figure class=\"wp-block-table is-style-stripes\"><table><tbody><tr><td><em><strong>Pr\u00e9nom<\/strong><\/em><\/td><td><em><strong>Nom<\/strong><\/em><\/td><td><em><strong>T\u00e9l\u00e9phone<\/strong><\/em><\/td><\/tr><tr><td>Nicole<\/td><td>Basti\u00e9<\/td><td>06 88 38 19 30<\/td><\/tr><tr><td>Bernadette<\/td><td>Boudinet<\/td><td>06 44 31 09 46<\/td><\/tr><tr><td>Anne-Marie<\/td><td>Gaussin<\/td><td>05 61 35 66 72<\/td><\/tr><tr><td>Ginette<\/td><td>Gay<\/td><td>06 66 38 73 45<\/td><\/tr><tr><td>J. Claude<\/td><td>Hirlimann<\/td><td>06 88 38 01 29<\/td><\/tr><tr><td>Jacques<\/td><td>Huchenq<\/td><td>05 61 58 37 36<\/td><\/tr><tr><td>Andr\u00e9e<\/td><td>Lahore<\/td><td>06 70 35 15 39<\/td><\/tr><tr><td>M. Jo<\/td><td>Mazas<\/td><td>06 25 47 57 88<\/td><\/tr><tr><td>Serge<\/td><td>Mazas<\/td><td>06 25 47 57 88<\/td><\/tr><tr><td>Chantal<\/td><td>Ors<\/td><td>06 24 85 15 94<\/td><\/tr><tr><td>Fides<\/td><td>Rivals<\/td><td>07 80 02 55 64<\/td><\/tr><tr><td>Mo\u00efse<\/td><td>Rivals<\/td><td>06 63 27 18 68<\/td><\/tr><tr><td>Bernard<\/td><td>Roques<\/td><td>05 61 35 69 22<\/td><\/tr><tr><td>Marie-Ang\u00e8le<\/td><td>Roques<\/td><td>05 61 35 69 22<\/td><\/tr><tr><td>Christian<\/td><td>Rosalie<\/td><td>06 85 98 31 16<\/td><\/tr><tr><td>Ir\u00e8ne<\/td><td>Salvy<\/td><td>06 30 10 30 99<\/td><\/tr><tr><td>Viviane<\/td><td>Saint Blancat<\/td><td>06 23 34 03 45<\/td><\/tr><tr><td>M. Jos\u00e9<\/td><td>Schifano<\/td><td>06 23 34 03 45<\/td><\/tr><tr><td>Claude<\/td><td>Vilespy<\/td><td>06 86 27 57 03<\/td><\/tr><tr><td>Christiane<\/td><td>Vilespy<\/td><td>06 30 95 09 48<\/td><\/tr><\/tbody><\/table><\/figure>\n","protected":false},"excerpt":{"rendered":"<p>Bureau 2024 &#8211; 2025 Pr\u00e9nom Nom Fonction T\u00e9l\u00e9phone Claude Vilespy Pr\u00e9sident 06 86 27 57 03 Jacques Huchenq Vice-Pr\u00e9sident 05 61 58 37 36 Mo\u00efse Rivals Vice-Pr\u00e9sident 06 63 27 18 68 Bernadette Boudinet Secr\u00e9taire 06 11 36 47 89 Christiane Vilespy Secr\u00e9taire Adj 06 30 95 09 48 Viviane Saint-Blancat Tr\u00e9sori\u00e8re 05 61 35 69 22 M.-Ang\u00e8le Roques Tr\u00e9sori\u00e8re Adj 06 23 34 03 45 Les responsables d&rsquo;activit\u00e9s Activit\u00e9 Pr\u00e9nom Nom T\u00e9l\u00e9phone Apr\u00e8s-Midi Dansants Claude Vilespy 06 86 27 57 03 Biblioth\u00e8que Chantal Ors 06 24 85 15 94 Couture Nicole Basti\u00e9 06 88 38 19 30 Galette Marie Jo Mazas 06 25 47 57 88 Gourmands Fid\u00e8s Rivals 07 80 02 55 64 Gymnastique Jacques Huchenq 05 61 58 37 36 Gymnastique Fides Rivals 07 80 02 55 64 Loto Mo\u00efse Rivals 06 63 27 18 68 M\u00e9moire Andr\u00e9e Lahore 06 70 35 15 39 Poterie M. Jos\u00e9 Schifano 07 85 71 19 05 Qi Gong Andr\u00e9e Lahore 06 70 35 15 39 Site Martine S\u00e9bastien 06 17 73 10 67 Sophrologie Andr\u00e9e Lahore 06 70 35 15 39 Ta\u00ef Chi Chuan Andr\u00e9e Lahore 06 70 35 15 39 Les \u00e9lus au Conseil d&rsquo;Administration Pr\u00e9nom Nom T\u00e9l\u00e9phone Nicole Basti\u00e9 06 88 38 19 30 Bernadette Boudinet 06 44 31 09 46 Anne-Marie Gaussin 05 61 35 66 72 Ginette Gay 06 66 38 73 45 J. Claude Hirlimann 06 88 38 01 29 Jacques Huchenq 05 61 58 37 36 Andr\u00e9e Lahore 06 70 35 15 39 M. Jo Mazas 06 25 47 57 88 Serge Mazas 06 25 47 57 88 Chantal Ors 06 24 85 15 94 Fides Rivals 07 80 02 55 64 Mo\u00efse Rivals 06 63 27 18 68 Bernard Roques 05 61 35 69 22 Marie-Ang\u00e8le Roques 05 61 35 69 22 Christian Rosalie 06 85 98 31 16 Ir\u00e8ne Salvy 06 30 10 30 99 Viviane Saint Blancat 06 23 34 03 45 M. Jos\u00e9 Schifano 06 23 34 03 45 Claude Vilespy 06 86 27 57 03 Christiane Vilespy 06 30 95 09 48<\/p>\n","protected":false},"author":1,"featured_media":0,"parent":0,"menu_order":0,"comment_status":"closed","ping_status":"closed","template":"","meta":{"footnotes":""},"class_list":["post-31","page","type-page","status-publish","hentry"],"_links":{"self":[{"href":"https:\/\/foyer-laique-verfeil.fr\/index.php\/wp-json\/wp\/v2\/pages\/31","targetHints":{"allow":["GET"]}}],"collection":[{"href":"https:\/\/foyer-laique-verfeil.fr\/index.php\/wp-json\/wp\/v2\/pages"}],"about":[{"href":"https:\/\/foyer-laique-verfeil.fr\/index.php\/wp-json\/wp\/v2\/types\/page"}],"author":[{"embeddable":true,"href":"https:\/\/foyer-laique-verfeil.fr\/index.php\/wp-json\/wp\/v2\/users\/1"}],"replies":[{"embeddable":true,"href":"https:\/\/foyer-laique-verfeil.fr\/index.php\/wp-json\/wp\/v2\/comments?post=31"}],"version-history":[{"count":15,"href":"https:\/\/foyer-laique-verfeil.fr\/index.php\/wp-json\/wp\/v2\/pages\/31\/revisions"}],"predecessor-version":[{"id":39748,"href":"https:\/\/foyer-laique-verfeil.fr\/index.php\/wp-json\/wp\/v2\/pages\/31\/revisions\/39748"}],"wp:attachment":[{"href":"https:\/\/foyer-laique-verfeil.fr\/index.php\/wp-json\/wp\/v2\/media?parent=31"}],"curies":[{"name":"wp","href":"https:\/\/api.w.org\/{rel}","templated":true}]}}