{"id":28,"date":"2022-10-01T15:39:04","date_gmt":"2022-10-01T13:39:04","guid":{"rendered":"http:\/\/foyer.test\/?page_id=28"},"modified":"2023-07-15T16:03:12","modified_gmt":"2023-07-15T14:03:12","slug":"administration","status":"publish","type":"page","link":"https:\/\/foyer-laique-verfeil.fr\/index.php\/administration\/","title":{"rendered":"Administration"},"content":{"rendered":"\n<p><strong><em>Connaissiez-vous le nom complet du foyer ?<\/em><\/strong><\/p>\n\n\n\n<p class=\"has-text-align-center has-background\" style=\"background-color:#7bdbb530;font-size:28px\"><strong><em>Foyer La\u00efque d&rsquo;\u00c9ducation Populaire Jean Gay, <\/em><\/strong><br><strong><em>Association Loi 1901<\/em><\/strong><\/p>\n\n\n\n<div class=\"wp-block-columns is-layout-flex wp-container-core-columns-is-layout-9d6595d7 wp-block-columns-is-layout-flex\">\n<div class=\"wp-block-column is-layout-flow wp-block-column-is-layout-flow\">\n<p><strong><em>Mais c\u2019est quoi l\u2019\u00e9ducation populaire ?<\/em><\/strong><br>Notre histoire a \u00e9t\u00e9 boulevers\u00e9e en 1789 avec la R\u00e9volution issue du peuple.<br>D\u00e8s lors, et jusqu\u2019au d\u00e9but du 20\u00e8me si\u00e8cle les enjeux sont vivement disput\u00e9s concernant l\u2019\u00e9ducation et les valeurs primordiales.<br>L\u2019emprise du clerg\u00e9 sur les enfants est renforc\u00e9e au sein des \u00e9coles par le manque d\u2019alternative.<br>L\u2019\u00e9cole est dirig\u00e9e par les religieux et dans la vision catholique, la morale doit guider la vie des hommes en soci\u00e9t\u00e9.<br>D\u00e8s lors, la contestation de cette pens\u00e9e unique grandit, surtout dans les milieux modestes et ouvriers, ( <strong>populaires<\/strong> quoi).<br>Des id\u00e9es nouvelles germent avec la cr\u00e9ation des amicales, des mutuelles et des coop\u00e9ratives.<br>On aspire \u00e0 l\u2019\u00e9mancipation et l\u2019exercice de la citoyennet\u00e9, en recourant aux p\u00e9dagogies actives pour rendre chacun acteur de ses apprentissages, qu\u2019il partage avec d\u2019autres.<\/p>\n<\/div>\n\n\n\n<div class=\"wp-block-column is-layout-flow wp-block-column-is-layout-flow\">\n<p><br>S\u2019accroit la volont\u00e9 et la capacit\u00e9 de progresser et de se d\u00e9velopper, \u00e0 tous les \u00e2ges de la vie.<br>On aspire \u00e0 augmenter les capacit\u00e9s de chacun \u00e0 vivre ensemble, \u00e0 confronter ses id\u00e9es, \u00e0 partager une vie de groupe, \u00e0 s&rsquo;exprimer en public, \u00e0 \u00e9couter, etc\u2026<br>Voici les fondements de l\u2019<strong>Education Populaire<\/strong> auxquels les fondateurs du <strong>Foyer <\/strong>ont adjoint la <strong>La\u00efcit\u00e9 <\/strong>(toujours \u00e0 d\u00e9fendre aujourd&rsquo;hui.) pour cr\u00e9er notre association en <strong>Janvier 1964<\/strong> <br>avec pour objet :<br><\/p>\n\n\n\n<blockquote class=\"wp-block-quote is-layout-flow wp-block-quote-is-layout-flow\">\n<p><strong>\u00ab Le d\u00e9veloppement local, social, culturel en mettant \u00e0 la disposition de tous, des activit\u00e9s \u00e9ducatives et r\u00e9cr\u00e9atives : \u00e9ducation physique, intellectuelle, artistique, sociale\u2026\u00bb<\/strong><\/p>\n<cite><em>extrait de nos statuts<\/em><\/cite><\/blockquote>\n<\/div>\n<\/div>\n\n\n\n<h2 class=\"wp-block-heading\">La g\u00e9n\u00e8se<\/h2>\n\n\n\n<div class=\"wp-block-columns is-layout-flex wp-container-core-columns-is-layout-9d6595d7 wp-block-columns-is-layout-flex\">\n<div class=\"wp-block-column is-layout-flow wp-block-column-is-layout-flow\" style=\"flex-basis:40%\">\n<p>En 1962, la f\u00e9d\u00e9ration Cornec, aujourd\u2019hui FCPE, a souhait\u00e9 \u00e9tendre ses activit\u00e9s par la cr\u00e9ation d\u2019un Foyer la\u00efque. Cette cr\u00e9ation \u00e9tait motiv\u00e9e par les attaques contre l\u2019\u00e9cole publique qui voyait la disparition des \u00e9coles rurales.<br>Ce Foyer a donc \u00e9t\u00e9 cr\u00e9e le 7 d\u00e9cembre 1963 avec une trentaine de personnes. La d\u00e9fense de la la\u00efcit\u00e9 et de l\u2019\u00e9cole publique repr\u00e9sentait les fondements de notre existence.<br>Nous souhaitions manifester notre attachement \u00e0 l\u2019enseignement public en prolongeant son \u0153uvre dans le m\u00eame esprit.<br><\/p>\n<\/div>\n\n\n\n<div class=\"wp-block-column is-layout-flow wp-block-column-is-layout-flow\" style=\"flex-basis:18%\"><div class=\"wp-block-image\">\n<figure class=\"aligncenter size-full is-resized\"><img decoding=\"async\" src=\"https:\/\/foyer-laique-verfeil.fr\/wp-content\/uploads\/2022\/10\/locaux-1963.jpg\" alt=\"\" class=\"wp-image-513\" width=\"-144\" height=\"-98\" srcset=\"https:\/\/foyer-laique-verfeil.fr\/wp-content\/uploads\/2022\/10\/locaux-1963.jpg 465w, https:\/\/foyer-laique-verfeil.fr\/wp-content\/uploads\/2022\/10\/locaux-1963-300x206.jpg 300w\" sizes=\"(max-width: 465px) 100vw, 465px\" \/><figcaption class=\"wp-element-caption\">Les locaux de 1963<\/figcaption><\/figure>\n<\/div><\/div>\n\n\n\n<div class=\"wp-block-column is-layout-flow wp-block-column-is-layout-flow\" style=\"flex-basis:24%\">\n<p>Nous souhaitions manifester notre attachement \u00e0 l\u2019enseignement public en prolongeant son \u0153uvre dans le m\u00eame esprit.<br>Le Foyer La\u00efque a toujours \u00e9t\u00e9, et reste ouvert \u00e0 tous dans le respect des convictions individuelles et dans l\u2019ind\u00e9pendance des partis politiques. <\/p>\n<\/div>\n\n\n\n<div class=\"wp-block-column is-layout-flow wp-block-column-is-layout-flow\" style=\"flex-basis:18%\">\n<figure class=\"wp-block-image size-full is-resized\"><img loading=\"lazy\" decoding=\"async\" src=\"https:\/\/foyer-laique-verfeil.fr\/wp-content\/uploads\/2022\/10\/locaux-actuels.jpg\" alt=\"\" class=\"wp-image-511\" width=\"132\" height=\"104\" srcset=\"https:\/\/foyer-laique-verfeil.fr\/wp-content\/uploads\/2022\/10\/locaux-actuels.jpg 491w, https:\/\/foyer-laique-verfeil.fr\/wp-content\/uploads\/2022\/10\/locaux-actuels-300x238.jpg 300w\" sizes=\"auto, (max-width: 132px) 100vw, 132px\" \/><figcaption class=\"wp-element-caption\">Les locaux aujourd&rsquo;hui<\/figcaption><\/figure>\n<\/div>\n<\/div>\n\n\n\n<h2 class=\"wp-block-heading\">Mais qui \u00e9tait Jean Gay ?<\/h2>\n\n\n\n<div class=\"wp-block-columns is-layout-flex wp-container-core-columns-is-layout-9d6595d7 wp-block-columns-is-layout-flex\">\n<div class=\"wp-block-column is-layout-flow wp-block-column-is-layout-flow\" style=\"flex-basis:38.1%\">\n<p><em>Un personnage illustre \u00e0 Verfeil et voici ce que<\/em><br><em><strong>\u00ab\u00a0le Petit Journal\u00a0\u00bb publie le 13 juin 2018<\/strong><\/em><\/p>\n\n\n\n<p>\u00ab Jean Gay \u00e9tait un membre du comit\u00e9 local et d\u00e9partemental de lib\u00e9ration en 1944, instituteur \u00e0 Verfeil puis directeur vers 1963 du GOG (quel nom !), Groupe d\u2019Observation Dispers\u00e9e, anc\u00eatre du coll\u00e8ge avec une classe de 6\u00e8me et une classe de 5\u00e8me install\u00e9 \u00e0 quelques pas du site actuel du coll\u00e8ge.<br>Jean Gay a pris sa retraite dans les ann\u00e9es 60 et est d\u00e9c\u00e9d\u00e9 en 1971\u2026<br><\/p>\n<\/div>\n\n\n\n<div class=\"wp-block-column is-layout-flow wp-block-column-is-layout-flow\" style=\"flex-basis:20%\">\n<figure class=\"wp-block-image size-full\"><img loading=\"lazy\" decoding=\"async\" width=\"222\" height=\"144\" src=\"https:\/\/foyer-laique-verfeil.fr\/wp-content\/uploads\/2022\/10\/pt-journal-jean-gay.jpg\" alt=\"\" class=\"wp-image-514\"\/><\/figure>\n<\/div>\n\n\n\n<div class=\"wp-block-column is-layout-flow wp-block-column-is-layout-flow\" style=\"flex-basis:33.33%\">\n<p>Ce monsieur Gay \u00e9tait un personnage \u00e0 Verfeil, il \u00e9tait plut\u00f4t du genre vieille m\u00e9thode, un peu viril et habill\u00e9 comme souvent avec sa blouse grise.<br>Malgr\u00e9 cela les anciens \u00e9l\u00e8ves lui vouaient une admiration sans limite \u00bb.<br>Si le coll\u00e8ge a pris le nom de Jean Gay en 1981 le Foyer l&rsquo;a inscrit dans son nom d\u00e8s 1963.<\/p>\n\n\n\n<p class=\"has-text-align-center\"><strong><em>Jean GAY est \u00e9lu 1er Pr\u00e9sident du Foyer.<\/em><\/strong><\/p>\n<\/div>\n<\/div>\n\n\n\n<h3 class=\"wp-block-heading\">Le mot du Pr\u00e9sident (octobre 2022)<\/h3>\n\n\n\n<p>Une nouvelle saison d\u2019activit\u00e9 du Foyer La\u00efque a d\u00e9marr\u00e9, c\u2019est la soixanti\u00e8me&nbsp;!<br>Notre association aura soixante ans en 2023. Ceux qui l\u2019ont cr\u00e9\u00e9e ne sont plus l\u00e0 mais les id\u00e9es qui ont \u00e9t\u00e9 \u00e0 l\u2019origine de sa cr\u00e9ation animent encore l\u2019esprit du Foyer.<br>En soixante ans bien des changements se sont produits, la soci\u00e9t\u00e9 dans laquelle nous vivons n\u2019est plus la m\u00eame mais les principes fondateurs dont le principal reste la la\u00efcit\u00e9 sont plus que jamais d\u2019actualit\u00e9. Le Foyer a \u00e9volu\u00e9, il continuera \u00e0 \u00e9voluer pour r\u00e9pondre au mieux \u00e0 l\u2019attente de ses adh\u00e9rents tout en restant fid\u00e8le \u00e0 ses origines.<br>Notre association a besoin de communiquer avec ses adh\u00e9rents et&nbsp; au-del\u00e0 faire conna\u00eetre ses activit\u00e9s le plus largement possible. Le site dont la construction est bien avanc\u00e9e doit r\u00e9pondre \u00e0 cet objectif.<br>Je vous invite \u00e0 le consulter r\u00e9guli\u00e8rement vous y trouverez tout ce qui fait la vie du Foyer et, je l\u2019esp\u00e8re, cela donnera envie \u00e0 ceux qui y participent de continuer et \u00e0 d\u2019autres de venir nous rejoindre.<br>Claude VILESPY<\/p>\n","protected":false},"excerpt":{"rendered":"<p>Connaissiez-vous le nom complet du foyer ? Foyer La\u00efque d&rsquo;\u00c9ducation Populaire Jean Gay, Association Loi 1901 Mais c\u2019est quoi l\u2019\u00e9ducation populaire ?Notre histoire a \u00e9t\u00e9 boulevers\u00e9e en 1789 avec la R\u00e9volution issue du peuple.D\u00e8s lors, et jusqu\u2019au d\u00e9but du 20\u00e8me si\u00e8cle les enjeux sont vivement disput\u00e9s concernant l\u2019\u00e9ducation et les valeurs primordiales.L\u2019emprise du clerg\u00e9 sur les enfants est renforc\u00e9e au sein des \u00e9coles par le manque d\u2019alternative.L\u2019\u00e9cole est dirig\u00e9e par les religieux et dans la vision catholique, la morale doit guider la vie des hommes en soci\u00e9t\u00e9.D\u00e8s lors, la contestation de cette pens\u00e9e unique grandit, surtout dans les milieux modestes et ouvriers, ( populaires quoi).Des id\u00e9es nouvelles germent avec la cr\u00e9ation des amicales, des mutuelles et des coop\u00e9ratives.On aspire \u00e0 l\u2019\u00e9mancipation et l\u2019exercice de la citoyennet\u00e9, en recourant aux p\u00e9dagogies actives pour rendre chacun acteur de ses apprentissages, qu\u2019il partage avec d\u2019autres. S\u2019accroit la volont\u00e9 et la capacit\u00e9 de progresser et de se d\u00e9velopper, \u00e0 tous les \u00e2ges de la vie.On aspire \u00e0 augmenter les capacit\u00e9s de chacun \u00e0 vivre ensemble, \u00e0 confronter ses id\u00e9es, \u00e0 partager une vie de groupe, \u00e0 s&rsquo;exprimer en public, \u00e0 \u00e9couter, etc\u2026Voici les fondements de l\u2019Education Populaire auxquels les fondateurs du Foyer ont adjoint la La\u00efcit\u00e9 (toujours \u00e0 d\u00e9fendre aujourd&rsquo;hui.) pour cr\u00e9er notre association en Janvier 1964 avec pour objet : \u00ab Le d\u00e9veloppement local, social, culturel en mettant \u00e0 la disposition de tous, des activit\u00e9s \u00e9ducatives et r\u00e9cr\u00e9atives : \u00e9ducation physique, intellectuelle, artistique, sociale\u2026\u00bb La g\u00e9n\u00e8se En 1962, la f\u00e9d\u00e9ration Cornec, aujourd\u2019hui FCPE, a souhait\u00e9 \u00e9tendre ses activit\u00e9s par la cr\u00e9ation d\u2019un Foyer la\u00efque. Cette cr\u00e9ation \u00e9tait motiv\u00e9e par les attaques contre l\u2019\u00e9cole publique qui voyait la disparition des \u00e9coles rurales.Ce Foyer a donc \u00e9t\u00e9 cr\u00e9e le 7 d\u00e9cembre 1963 avec une trentaine de personnes. La d\u00e9fense de la la\u00efcit\u00e9 et de l\u2019\u00e9cole publique repr\u00e9sentait les fondements de notre existence.Nous souhaitions manifester notre attachement \u00e0 l\u2019enseignement public en prolongeant son \u0153uvre dans le m\u00eame esprit. Nous souhaitions manifester notre attachement \u00e0 l\u2019enseignement public en prolongeant son \u0153uvre dans le m\u00eame esprit.Le Foyer La\u00efque a toujours \u00e9t\u00e9, et reste ouvert \u00e0 tous dans le respect des convictions individuelles et dans l\u2019ind\u00e9pendance des partis politiques. Mais qui \u00e9tait Jean Gay ? Un personnage illustre \u00e0 Verfeil et voici ce que\u00ab\u00a0le Petit Journal\u00a0\u00bb publie le 13 juin 2018 \u00ab Jean Gay \u00e9tait un membre du comit\u00e9 local et d\u00e9partemental de lib\u00e9ration en 1944, instituteur \u00e0 Verfeil puis directeur vers 1963 du GOG (quel nom !), Groupe d\u2019Observation Dispers\u00e9e, anc\u00eatre du coll\u00e8ge avec une classe de 6\u00e8me et une classe de 5\u00e8me install\u00e9 \u00e0 quelques pas du site actuel du coll\u00e8ge.Jean Gay a pris sa retraite dans les ann\u00e9es 60 et est d\u00e9c\u00e9d\u00e9 en 1971\u2026 Ce monsieur Gay \u00e9tait un personnage \u00e0 Verfeil, il \u00e9tait plut\u00f4t du genre vieille m\u00e9thode, un peu viril et habill\u00e9 comme souvent avec sa blouse grise.Malgr\u00e9 cela les anciens \u00e9l\u00e8ves lui vouaient une admiration sans limite \u00bb.Si le coll\u00e8ge a pris le nom de Jean Gay en 1981 le Foyer l&rsquo;a inscrit dans son nom d\u00e8s 1963. Jean GAY est \u00e9lu 1er Pr\u00e9sident du Foyer. Le mot du Pr\u00e9sident (octobre 2022) Une nouvelle saison d\u2019activit\u00e9 du Foyer La\u00efque a d\u00e9marr\u00e9, c\u2019est la soixanti\u00e8me&nbsp;!Notre association aura soixante ans en 2023. Ceux qui l\u2019ont cr\u00e9\u00e9e ne sont plus l\u00e0 mais les id\u00e9es qui ont \u00e9t\u00e9 \u00e0 l\u2019origine de sa cr\u00e9ation animent encore l\u2019esprit du Foyer.En soixante ans bien des changements se sont produits, la soci\u00e9t\u00e9 dans laquelle nous vivons n\u2019est plus la m\u00eame mais les principes fondateurs dont le principal reste la la\u00efcit\u00e9 sont plus que jamais d\u2019actualit\u00e9. Le Foyer a \u00e9volu\u00e9, il continuera \u00e0 \u00e9voluer pour r\u00e9pondre au mieux \u00e0 l\u2019attente de ses adh\u00e9rents tout en restant fid\u00e8le \u00e0 ses origines.Notre association a besoin de communiquer avec ses adh\u00e9rents et&nbsp; au-del\u00e0 faire conna\u00eetre ses activit\u00e9s le plus largement possible. Le site dont la construction est bien avanc\u00e9e doit r\u00e9pondre \u00e0 cet objectif.Je vous invite \u00e0 le consulter r\u00e9guli\u00e8rement vous y trouverez tout ce qui fait la vie du Foyer et, je l\u2019esp\u00e8re, cela donnera envie \u00e0 ceux qui y participent de continuer et \u00e0 d\u2019autres de venir nous rejoindre.Claude VILESPY<\/p>\n","protected":false},"author":1,"featured_media":0,"parent":0,"menu_order":0,"comment_status":"closed","ping_status":"closed","template":"","meta":{"footnotes":""},"class_list":["post-28","page","type-page","status-publish","hentry"],"_links":{"self":[{"href":"https:\/\/foyer-laique-verfeil.fr\/index.php\/wp-json\/wp\/v2\/pages\/28","targetHints":{"allow":["GET"]}}],"collection":[{"href":"https:\/\/foyer-laique-verfeil.fr\/index.php\/wp-json\/wp\/v2\/pages"}],"about":[{"href":"https:\/\/foyer-laique-verfeil.fr\/index.php\/wp-json\/wp\/v2\/types\/page"}],"author":[{"embeddable":true,"href":"https:\/\/foyer-laique-verfeil.fr\/index.php\/wp-json\/wp\/v2\/users\/1"}],"replies":[{"embeddable":true,"href":"https:\/\/foyer-laique-verfeil.fr\/index.php\/wp-json\/wp\/v2\/comments?post=28"}],"version-history":[{"count":21,"href":"https:\/\/foyer-laique-verfeil.fr\/index.php\/wp-json\/wp\/v2\/pages\/28\/revisions"}],"predecessor-version":[{"id":2478,"href":"https:\/\/foyer-laique-verfeil.fr\/index.php\/wp-json\/wp\/v2\/pages\/28\/revisions\/2478"}],"wp:attachment":[{"href":"https:\/\/foyer-laique-verfeil.fr\/index.php\/wp-json\/wp\/v2\/media?parent=28"}],"curies":[{"name":"wp","href":"https:\/\/api.w.org\/{rel}","templated":true}]}}